 262344.
2, 3, 17, 643
What are the prime factors of 1489390?
2, 5, 7, 21277
List the prime factors of 4056075.
3, 5, 2003
What are the prime factors of 175693?
7, 19, 1321
List the prime factors of 6087043.
71, 85733
List the prime factors of 995423.
11, 13, 6961
What are the prime factors of 554298?
2, 3, 92383
What are the prime factors of 36831?
3, 12277
What are the prime factors of 4064961?
3, 1354987
List the prime factors of 11970407.
1847, 6481
What are the prime factors of 10875334?
2, 19, 137, 2089
List the prime factors of 736755.
3, 5, 49117
What are the prime factors of 1928386?
2, 19, 31, 1637
What are the prime factors of 69174?
2, 3, 7, 61
What are the prime factors of 165984?
2, 3, 7, 13, 19
What are the prime factors of 1932705?
3, 5, 29, 1481
What are the prime factors of 134456?
2, 7
What are the prime factors of 6629047?
67, 163, 607
List the prime factors of 1791172.
2, 447793
What are the prime factors of 18729269?
13, 19, 191, 397
What are the prime factors of 17647156?
2, 17, 259517
What are the prime factors of 11991309?
3, 11, 363373
List the prime factors of 599162.
2, 43, 6967
What are the prime factors of 155307?
3, 51769
What are the prime factors of 19025367?
3, 457, 13877
List the prime factors of 1274458.
2, 637229
List the prime factors of 6287721.
3, 11, 190537
List the prime factors of 1265358.
2, 3, 31, 6803
What are the prime factors of 68148?
2, 3, 631
What are the prime factors of 273319?
37, 83, 89
What are the prime factors of 4074904?
2, 509363
What are the prime factors of 126893?
13, 43, 227
What are the prime factors of 1007332?
2, 251833
List the prime factors of 5238622.
2, 887, 2953
List the prime factors of 948643.
37, 25639
What are the prime factors of 24776639?
24776639
List the prime factors of 9503296.
2, 11, 13499
List the prime factors of 410170.
2, 5, 41017
What are the prime factors of 8067649?
191, 42239
What are the prime factors of 21593198?
2, 11, 491, 1999
What are the prime factors of 1054066?
2, 13, 71, 571
What are the prime factors of 2168?
2, 271
What are the prime factors of 3920494?
2, 1960247
What are the prime factors of 3015282?
2, 3, 197, 2551
What are the prime factors of 4987243?
1123, 4441
List the prime factors of 8719717.
1327, 6571
What are the prime factors of 98682?
2, 3, 16447
List the prime factors of 2293301.
2293301
List the prime factors of 15069616.
2, 17, 3259
What are the prime factors of 19996372?
2, 11, 331, 1373
List the prime factors of 586110.
2, 3, 5, 7, 2791
What are the prime factors of 81155?
5, 16231
What are the prime factors of 19366142?
2, 29, 379, 881
List the prime factors of 19898859.
3, 37, 179269
List the prime factors of 3850195.
5, 770039
What are the prime factors of 10157745?
3, 5, 13, 4007
What are the prime factors of 139100?
2, 5, 13, 107
What are the prime factors of 698262?
2, 3, 29, 4013
What are the prime factors of 955676?
2, 238919
What are the prime factors of 196573?
13, 15121
List the prime factors of 2752282.
2, 13, 37, 2861
List the prime factors of 11586193.
1361, 8513
What are the prime factors of 879091?
797, 1103
List the prime factors of 7444490.
2, 5, 241, 3089
List the prime factors of 438840.
2, 3, 5, 23, 53
List the prime factors of 948903.
3, 316301
What are the prime factors of 580562?
2, 53, 5477
What are the prime factors of 3694220?
2, 5, 184711
List the prime factors of 381052.
2, 7, 31, 439
What are the prime factors of 77921?
67, 1163
What are the prime factors of 545157?
3, 61, 331
What are the prime factors of 9431437?
9431437
List the prime factors of 160535.
5, 97, 331
What are the prime factors of 1351125?
3, 5, 1201
List the prime factors of 14677506.
2, 3, 815417
List the prime factors of 209253.
3, 11, 17, 373
What are the prime factors of 97051?
37, 43, 61
List the prime factors of 6602.
2, 3301
What are the prime factors of 13610488?
2, 31, 54881
List the prime factors of 693107.
17, 40771
List the prime factors of 4403826.
2, 3, 7, 4993
What are the prime factors of 13188515?
5, 17, 9127
List the prime factors of 15251621.
7, 11, 198073
List the prime factors of 2318889.
3, 772963
List the prime factors of 51470.
2, 5, 5147
What are the prime factors of 8951437?
11, 813767
What are the prime factors of 6454184?
2, 11, 71, 1033
What are the prime factors of 2503472?
2, 156467
List the prime factors of 907288.
2, 19, 47, 127
What are the prime factors of 22389825?
3, 5, 487, 613
List the prime factors of 2894015.
5, 578803
List the prime factors of 16346007.
3, 89, 20407
List the prime factors of 736959.
3, 245653
List the prime factors of 5138074.
2, 59, 43543
What are the prime factors of 218403?
3, 8089
What are the prime factors of 799422?
2, 3, 13, 37, 277
What are the prime factors of 22476064?
2, 13, 97, 557
What are the prime factors of 142946?
2, 71473
What are the prime factors of 2861795?
5, 59, 89, 109
What are the prime factors of 186189?
3, 53, 1171
List the prime factors of 1861815.
3, 5, 124121
What are the prime factors of 14902438?
2, 17, 163, 2689
List the prime factors of 7936.
2, 31
List the prime factors of 187211.
187211
List the prime factors of 1611823.
827, 1949
List the prime factors of 3912575.
5, 19, 8237
What are the prime factors of 274209?
3, 13, 79, 89
List the prime factors of 82670.
2, 5, 7, 1181
What are the prime factors of 23585392?
2, 17, 86711
List the prime factors of 509616.
2, 3, 3539
What are the prime factors of 2398751?
17, 149, 947
What are the prime factors of 48249?
3, 1787
List the prime factors of 9717343.
1213, 8011
List the prime factors of 2587502.
2, 17, 76103
List the prime factors of 22226435.
5, 7, 11, 57731
What are the prime factors of 102818?
2, 101, 509
List the prime factors of 339056.
2, 21191
What are the prime factors of 2125393?
2125393
What are the prime factors of 1627876?
2, 406969
What are the prime factors of 15532640?
2, 5, 193, 503
What are the prime factors of 326695?
5, 223, 293
List the prime factors of 7883990.
2, 5, 788399
What are the prime factors of 1008096?
2, 3, 10501
What are the prime factors of 1012003?
41, 24683
What are the prime factors of 3333913?
11, 59, 467
List the prime factors of 115914.
2, 3, 19319
What are the prime factors of 6917596?
2, 7, 19, 13003
List the prime factors of 7425681.
3, 59, 41953
List the prime factors of 1740211.
11, 158201
List the prime factors of 1120849.
1120849
What are the prime factors of 81341?
13, 6257
What are the prime factors of 1033910?
2, 5, 103391
What are the prime factors of 948162?
2, 3, 37, 4271
List the prime factors of 291842.
2, 337, 433
What are the prime factors of 28206915?
3, 5, 11, 15541
What are the prime factors of 2118023?
2118023
What are the prime factors of 754681?
17, 103, 431
List the prime factors of 4552611.
3, 7, 216791
List the prime factors of 1495695.
3, 5, 99713
List the prime factors of 546788.
2, 11, 17, 43
List the prime factors of 363868.
2, 17, 5351
List the prime factors of 214174.
2, 173, 619
List the prime factors of 1415521.
97, 14593
What are the prime factors of 652518?
2, 3, 36251
List the prime factors of 1665631.
11, 53, 2857
List the prime factors of 5727313.
5727313
List the prime factors of 1180008.
2, 3, 607
What are the prime factors of 52854?
2, 3, 23, 383
List the prime factors of 2980851.
3, 993617
List the prime factors of 15228940.
2, 5, 17, 47, 953
What are the prime factors of 2503319?
7, 13, 27509
List the prime factors of 27118.
2, 7, 13, 149
List the prime factors of 1243655.
5, 7, 35533
List the prime factors of 156714.
2, 3, 26119
What are the prime factors of 85041?
3, 11, 859
What are the prime factors of 4437569?
1039, 4271
List the prime factors of 503244.
2, 3, 7, 1997
What are the prime factors of 1452492?
2, 3, 4483
List the prime factors of 201820.
2, 5, 10091
What are the prime factors of 125345?
5, 11, 43, 53
List the prime factors of 10237699.
10237699
List the prime factors of 11996961.
3, 19, 23, 9151
List the prime factors of 144159.
3, 29, 1657
What are the prime factors of 4906036?
2, 89, 13781
List the prime factors of 2049024.
2, 3, 23, 29
What are the prime factors of 220993?
223, 991
List the prime factors of 848763.
3, 94307
List the prime factors of 120686.
2, 60343
List the pr